r when 29 is divided by 44/g - (1 + n)?
9
Suppose -2*z - 37 = -4*h + 41, -h - 8 = 5*z. Suppose -2*c + 14 + 15 = -3*x, x = -c + h. Calculate the remainder when 47 is divided by c.
15
Suppose -4*s + s = -3*a + 102, 5*a - 167 = 2*s. Calculate the remainder when a is divided by 12.
9
Suppose -4*j - 5 = 3*n, 0*n - 2*n + 3*j = -25. What is the remainder when n is divided by 2?
1
Suppose 5*f = 2*g - 50, 5*f + 37 + 8 = g. Calculate the remainder when (-1)/(-4) - 62/f is divided by (6/10)/(2/10).
2
Let f(a) = a**3 - 6*a**2 + 3*a - 6. Suppose 3*p + 5 = 23. Calculate the remainder when 45 is divided by f(p).
9
Let i = 11 + -11. Let v = i + 3. What is the remainder when v is divided by 3?
0
Let p(n) = 4*n**2 - 2*n + 4. Let h be p(4). Suppose -h = -8*s + 3*s. Calculate the remainder when 22 is divided by s.
10
Suppose 0 = m - 3*m - 16. Let q = m - -19. What is the remainder when 31 is divided by q?
9
What is the remainder when ((-9)/15 - -1) + 586/10 is divided by 16?
11
Let s = 2 - -16. What is the remainder when (-3 + 3/3)*-26 is divided by s?
16
What is the remainder when ((-260)/6)/((-28)/42) is divided by 33?
32
Suppose 6*q - 12 = 2*q. Suppose -q*y = -2*y - 59. Suppose -5*z + 37 = -63. Calculate the remainder when y is divided by z.
19
Let t = 177 - 114. What is the remainder when t is divided by 11?
8
Let d(v) = v**2 - 12*v - 10. What is the remainder when 13 is divided by d(13)?
1
What is the remainder when 18 is divided by (5/(-6))/((-20)/(-24) + -1)?
3
Suppose -2*n = -33 + 1. Suppose -41 = -3*s + 4*f, -s = 2*f - f - n. Calculate the remainder when 27 is divided by s.
12
Let s(u) = 28*u. Suppose 79 = 2*q + 1. Let l = q + -24. What is the remainder when s(1) is divided by l?
13
Let m = 51 - 36. Suppose 6*d - d = 5*z - 80, 0 = -3*d + m. Suppose 0 = -4*t + 52 - 8. Calculate the remainder when z is divided by t.
10
Suppose -5*x + 67 + 13 = 0. Suppose -4 = -5*z + x. What is the remainder when 6 is divided by z?
2
Let g(x) = -x**2 + 4*x - 3. Let y be g(4). Let o(r) = -r**3 - 2*r**2 + 4*r + 4. Let u be o(y). Let k = 12 - u. Calculate the remainder when 31 is divided by k.
9
Suppose 3*k - 4*k + 5*l + 116 = 0, 4*l = -5*k + 464. Let f = k - 48. What is the remainder when f is divided by 17?
14
Let i(h) = 3*h**2 + 5*h - 3. Let c be i(-4). Suppose r - c = -4*r - 3*a, -4*r + 22 = 2*a. What is the remainder when 22 is divided by r?
6
Let o(i) = -2*i**2 + 21*i - 10. What is the remainder when 84 is divided by o(9)?
16
Suppose 4*x = -0*x. Let y be 1*(-1 + x - -11). Calculate the remainder when 22 is divided by ((-18)/15)/((-1)/y).
10
Let i = 193 + -189. Calculate the remainder when 54 is divided by i.
2
Let z = 4 - 5. Let n(q) = -q - 1. Let c(k) = -k**3 + 5*k**2 - 2*k - 7. Let o(y) = z*c(y) + 5*n(y). What is the remainder when 39 is divided by o(6)?
19
Let z(n) = 3*n - 8. Suppose l - 1 = m - 0, 0 = -4*m + 20. Calculate the remainder when 17 is divided by z(l).
7
Calculate the remainder when 40 is divided by 1 - 8/(-10)*50/4.
7
Suppose -2*n = n + 12. Let j be n/(-20) - (-1)/(-5). Suppose -16 = -j*a - a. What is the remainder when 63 is divided by a?
15
Let a = 38 - 26. What is the remainder when 34 is divided by a?
10
Let g(x) = x**2 + 8*x - 9. Calculate the remainder when g(5) is divided by -2*(-57)/(-12)*-2.
18
Let z(r) = -r**3 + 3*r**2 + r - 3. Let a be z(5). Let g = a + 67. Suppose 2*d - 23 = -5*t, -d = -3*t - 4*d + 12. Calculate the remainder when g is divided by t.
4
Let t(i) = -3*i**3. Let h be t(-1). Suppose -h*y = -4*p + 12 - 101, 56 = 2*y - 2*p. Suppose -4*b = -3*b - y. What is the remainder when b is divided by 8?
7
Suppose -2*k - 3 + 1 = 0. Let n(s) be the first derivative of -7*s**4 - s**2/2 + 1. Calculate the remainder when n(k) is divided by 10.
9
Let b(a) = -a**3 + 3*a**2 + 2*a. Suppose -180 = d - 7*d. Calculate the remainder when d is divided by b(-2).
14
Let f(h) = h**3 + 5*h**2 - 2*h + 11. Calculate the remainder when 99 is divided by f(-4).
29
Suppose 10 = -0*r + r. What is the remainder when 18 is divided by r?
8
Suppose -4*v = -31 - 37. Calculate the remainder when 50 is divided by v.
16
Let a = -4 - -10. What is the remainder when a is divided by (-65)/(-25) - (-6)/(-10)?
0
Let w = -14 - -35. Suppose -3*f + t + 35 = 0, 2 = t + t. Calculate the remainder when w is divided by f.
9
Let j(q) be the first derivative of 3*q**2/2 - 2*q + 4. Let f(k) = 2*k**2 + 2*k - 1. Let i be f(-2). What is the remainder when 13 is divided by j(i)?
6
What is the remainder when 97 is divided by (-25)/2*128/(-80)?
17
Suppose 8*l - 15 = 3*l. What is the remainder when (-6)/18 + 25/l is divided by 3?
2
Let z = 14 + -10. Let n = 13 - z. Calculate the remainder when 25 is divided by n.
7
Let w(y) = 3*y**2 - y - 2. What is the remainder when 15 is divided by w(2)?
7
Suppose 0 = -3*r - 3*z + 81, 3*r - 87 = -6*z + z. Calculate the remainder when r is divided by 17.
7
Suppose w - 4*c - 8 = 0, 2*w + c - 81 = -4*c. Suppose i - 9 = -2*i. What is the remainder when ((-4)/8)/((-2)/w) is divided by i?
1
Suppose 0 = 5*h - 12 + 2. What is the remainder when (0 - -7)*(-54)/(-63) is divided by h?
0
Let k(s) = s - 11. Calculate the remainder when 13 is divided by k(14).
1
Let n = -55 + 68. Calculate the remainder when n is divided by 5.
3
Suppose 0 = -2*j + 5*m + 378 - 141, 0 = m - 5. Calculate the remainder when j is divided by 33.
32
Suppose -l - 14 + 1 = -5*j, -5*j + 5*l + 25 = 0. Suppose -5*h + 46 = -u, 2*h + 2*h - 2*u - 32 = 0. Calculate the remainder when (6/h)/(j/30) is divided by 3.
0
Let o = 41 + -22. Let n = -156 - -160. Calculate the remainder when o is divided by n.
3
Let g = -26 - -35. What is the remainder when g is divided by 3?
0
Suppose 14*a - 240 = 9*a. What is the remainder when 140 is divided by a?
44
Let v(b) = -b**3 - 13*b**2 + 27*b + 21. What is the remainder when v(-15) is divided by 17?
15
Calculate the remainder when (-1 + (-2 - 0))*(-156)/4 is divided by 30.
27
Suppose 3*b - 2*g - 20 = 2*b, 0 = -4*b - 4*g + 92. Let t = -25 - -67. Calculate the remainder when t is divided by b.
20
Suppose -15 + 5 = -2*j. Suppose -a = -j*a + 28. Suppose -182*r + 179*r + 33 = 0. What is the remainder when r is divided by a?
4
Suppose -2*v + 29 = 2*v + 3*n, -5*v + 4*n = -75. Calculate the remainder when 120 is divided by v.
10
Let j(z) = -3*z - 25. Calculate the remainder when j(-14) is divided by 4.
1
Let q(n) = -3*n**3 + 14*n**2 + 6*n + 2. Calculate the remainder when 38 is divided by q(5).
3
Suppose 12 + 3 = 3*d. Suppose 4*l + d*m - 12 = 0, 3*m = 5*l - 38 - 14. Calculate the remainder when 22 is divided by l.
6
Let k(h) = h**2 - 4*h + 3. Let j be k(5). Let b be 10/2 - (-7 + j). Suppose 20 = b*p - 20. Calculate the remainder when p is divided by 3.
1
What is the remainder when 19 is divided by 3/(-15) + 72/10?
5
Suppose 2*y + 5*l + 6 = 16, -4*l - 8 = 0. Suppose 4*k = m + 14, -2*k = -3*m - y - 2. Calculate the remainder when 23 is divided by -7*(-12)/(-14)*m.
11
Let z(p) = p + 13. Calculate the remainder when 67 is divided by z(10).
21
Suppose 5*t + 5 = 2*k, 0 = -5*t - 5*k + 2*k - 30. Let n = 0 - t. What is the remainder when 6/15*(1 - -19) is divided by n?
2
Let d be (-3 + -1)*5/4. Let o = d - -46. What is the remainder when o is divided by 14?
13
What is the remainder when 13 is divided by ((-2)/(-4))/((-1)/(-14))?
6
Let w = -42 - -55. What is the remainder when 24 is divided by w?
11
Let p(x) be the third derivative of x**5/60 - 7*x**3/6 - 3*x**2. Calculate the remainder when p(8) is divided by 30.
27
Suppose -5*x - 48 = -9*x. Calculate the remainder when x is divided by ((0 - 0) + -7)/(-1).
5
Suppose -3*w - w + 36 = 0. Suppose -w = -3*g - 0. Suppose -7*a + 28 = -g*a. Calculate the remainder when 20 is divided by a.
6
Calculate the remainder when 2 is divided by ((-10)/15)/((-3)/9).
0
Let g(a) = a**3 - 14*a**2 + 12*a + 17. Suppose -j + 8 = -5. Suppose -5 - j = -3*d. Calculate the remainder when d is divided by g(13).
2
Let f(d) = -d**2 + 17*d - 14. Suppose 2*s - 4 - 22 = 0. What is the remainder when f(s) is divided by 13?
12
Let a(h) = -h + 5. Let n be a(7). Calculate the remainder when (0 + n - -12) + 2 is divided by 7.
5
Let h = 121 + -71. What is the remainder when h is divided by 13?
11
Suppose j - 20 = 45. Suppose 4*b - 3*b = -j. Let f = -33 - b. Calculate the rem